{"id":1297,"date":"2021-06-05T12:30:04","date_gmt":"2021-06-05T12:30:04","guid":{"rendered":"https:\/\/www.scottmacdonald.net\/cscmp2\/?page_id=1297"},"modified":"2021-06-05T12:35:40","modified_gmt":"2021-06-05T12:35:40","slug":"2021-colloquium","status":"publish","type":"page","link":"https:\/\/www.scottmacdonald.net\/cscmp2\/past-colloquia\/2021-colloquium\/","title":{"rendered":"2021 Summer Colloquium"},"content":{"rendered":"<p>June 2-4, 2021 \u2013 on zoom owing to the COVID-19 pandemic<\/p>\n<p>[ * = presenting]<\/p>\n<p><strong>* Peter Adamson<\/strong>, Ludwig-Maximilians-Universit\u00e4t, M\u00fcnchen \u2013 &#8220;Intuition in the Avicennan Tradition&#8221;<\/p>\n<p><strong>Deborah Black<\/strong>, University of Toronto<\/p>\n<p><strong>* Jeff Brower<\/strong>, Purdue University \u2013 \u201cAquinas on Locomotion\u201d<\/p>\n<p><strong>* Susan Brower-Toland<\/strong>, St Louis University \u2013 \u201cOckham\u2019s Metaphysical Commitments: The Case of Location\u201d<\/p>\n<p><strong>Francesca Bruno<\/strong>, Cornell University;\u00a0Upward Bound Program, University of Pennsylvania<\/p>\n<p><strong>Nate Bulthuis<\/strong>, St Joseph&#8217;s University<\/p>\n<p><strong>Philip Choi<\/strong>, Purdue University<\/p>\n<p><strong>Bobbi Cohn<\/strong>, Cornell University<\/p>\n<p><strong>Th\u00e9r\u00e8se Cory<\/strong>, University of Notre Dame<\/p>\n<p><strong>Antoine C\u00f4t\u00e9<\/strong>, University of Ottawa<\/p>\n<p><strong>Milo Crimi<\/strong>, UCLA<\/p>\n<p><strong>Felicia Di Palo<\/strong>, Cornell University<\/p>\n<p><strong>August Faller<\/strong>, Cornell University<\/p>\n<p><strong>* Russell Friedman<\/strong>, KU Leuven \u2013\u00a0&#8220;John of Jandun and &#8216;Promiscuous Pluralism&#8217; in Later Medieval\u00a0Hylomorphism&#8221;<\/p>\n<p><strong>Daniel Gallagher<\/strong>, Cornell University<\/p>\n<p><strong>* Nadja Germann<\/strong>, Albert-Ludwigs-Universit\u00e4t, Freiburg \u2013 &#8220;Philosophy of Language in the Age of al-F\u0101r\u0101b\u012b&#8221;<\/p>\n<p><strong>Michael Gorman<\/strong>, Catholic University of America<\/p>\n<p><strong>Eric Hagedorn<\/strong>, St Norbert College<\/p>\n<p><span lang=\"EN-US\"><strong>Heine Hansen<\/strong>,\u00a0<\/span><span lang=\"EN-US\">University of Copenhagen<\/span><\/p>\n<p><strong>Peter Hartman<\/strong>, Loyola University, Chicago<\/p>\n<p><strong>Jeffrey Hause<\/strong>, Creighton University<\/p>\n<p><strong>* Tobias Hoffmann<\/strong>, Catholic University of America \u2013 \u201cHenry of Ghent and John of Pouilly on \u2018Aristotle\u2019s Prophecy about Incontinence&#8217;\u201d<\/p>\n<p><strong>Rachana Kamtekar<\/strong>, Cornell University<\/p>\n<p><strong>* Katja Krause<\/strong>, Technische Universit\u00e4t and Max Planck Institute for the History of Science, Berlin \u2013 &#8220;<span class=\"\"><span class=\"\" lang=\"EN-US\">Scientific Translations of Aristotle\u2019s <\/span><\/span><em><span class=\"\"><span class=\"\" lang=\"EN-US\">empeiria\u00a0<\/span><\/span><\/em><span class=\"\"><span class=\"\" lang=\"EN-US\">i<\/span><\/span><span class=\"\"><span class=\"\" lang=\"EN-US\">n\u00a0<\/span><\/span><span class=\"\"><span class=\"\" lang=\"EN-US\">Albert the Great,<\/span><\/span><span class=\"\"><span class=\"\" lang=\"EN-US\">Thomas Aquinas, and John Buridan&#8221;<\/span><\/span><\/p>\n<p><strong>Vikram Kumar<\/strong>, Cornell University<\/p>\n<p><strong>Dominic LaMantia<\/strong>, University of Notre Dame<\/p>\n<p><strong>Jordan Lavender<\/strong>, University of Notre Dame<\/p>\n<p><strong>Robert Llizo<\/strong>,\u00a0Houston Baptist University<\/p>\n<p><strong>* Can Laurens L\u00f6we<\/strong>, Humboldt-Universit\u00e4t, Berlin \u2013 \u201cThomas Aquinas on dualist mental causation\u201d<\/p>\n<p><strong>Edit Anna Luk\u00e1cs<\/strong>, Visiting Fellow, PIMS, Toronto;\u00a0Institut f\u00fcr \u00d6sterreichische Geschichtsforschung, Universit\u00e4t Wien<\/p>\n<p><strong>Scott MacDonald<\/strong>, Cornell University<\/p>\n<p><strong>Colleen McCluskey<\/strong>, St Louis University<\/p>\n<p><strong>Paul Medeiros<\/strong>,\u00a0Salve Regina University<\/p>\n<p><strong>Ana Maria Mora Marquez<\/strong>, G\u00f6teborgs Universitet<\/p>\n<p><strong>Tamer Nawar<\/strong>, University of Groningen<\/p>\n<p><strong>Bob Pasnau<\/strong>, University of Colorado, Boulder<\/p>\n<p><strong>Sam Pell<\/strong>, Purdue University<\/p>\n<p><strong>* Jenny Pelletier<\/strong>, KU Leuven \u2013 &#8220;Acting Together:\u00a0William Ockham on\u00a0Group Reality and Agency&#8221;<\/p>\n<p><strong>Martin Pickav\u00e9<\/strong>, University of Toronto<\/p>\n<p><strong>Giorgio Pini<\/strong>, Fordham University<\/p>\n<p><strong>Philip-Neri Reese<\/strong>, University of Notre Dame<\/p>\n<p><strong>William David Schell<\/strong>,\u00a0Union Theological Seminary<\/p>\n<p><strong>Yotam Schremer<\/strong>,\u00a0Hebrew University<\/p>\n<p><strong>Mary Sirridge<\/strong>, Louisiana State University<\/p>\n<p><strong>Riccardo Strobino<\/strong>, Tufts University<\/p>\n<p><strong>Zita Toth<\/strong>, KU Leuven<\/p>\n<p><strong>Jacob Tuttle<\/strong>, Gonzaga University<\/p>\n<p><strong>Andrew Van Arlig<\/strong>, Brooklyn College<\/p>\n<p><strong>Christina Van Arlig<\/strong>, Scholar at Large<\/p>\n<p><strong>Bianca Waked<\/strong>, Cornell University<\/p>\n<p><strong>Andreas Waldstein<\/strong>, University of Notre Dame<\/p>\n<p><strong>Thomas Williams<\/strong>, University of South Florida<\/p>\n<p><strong>Adam Wood<\/strong>, Wheaton College<\/p>\n<p><strong>Rega Wood<\/strong>, Indiana University<\/p>\n","protected":false},"excerpt":{"rendered":"<p>June 2-4, 2021 \u2013 on zoom owing to the COVID-19 pandemic [ * = presenting] * Peter Adamson, Ludwig-Maximilians-Universit\u00e4t, M\u00fcnchen <span class=\"ellipsis\">&hellip;<\/span> <span class=\"more-link-wrap\"><a href=\"https:\/\/www.scottmacdonald.net\/cscmp2\/past-colloquia\/2021-colloquium\/\" class=\"more-link\"><span>Continue Reading &rarr;<\/span><\/a><\/span><\/p>\n","protected":false},"author":1,"featured_media":0,"parent":99,"menu_order":0,"comment_status":"closed","ping_status":"closed","template":"template-full-width.php","meta":{"jetpack_post_was_ever_published":false,"footnotes":""},"class_list":["post-1297","page","type-page","status-publish","hentry"],"jetpack_sharing_enabled":true,"jetpack_shortlink":"https:\/\/wp.me\/P4rypQ-kV","_links":{"self":[{"href":"https:\/\/www.scottmacdonald.net\/cscmp2\/wp-json\/wp\/v2\/pages\/1297","targetHints":{"allow":["GET"]}}],"collection":[{"href":"https:\/\/www.scottmacdonald.net\/cscmp2\/wp-json\/wp\/v2\/pages"}],"about":[{"href":"https:\/\/www.scottmacdonald.net\/cscmp2\/wp-json\/wp\/v2\/types\/page"}],"author":[{"embeddable":true,"href":"https:\/\/www.scottmacdonald.net\/cscmp2\/wp-json\/wp\/v2\/users\/1"}],"replies":[{"embeddable":true,"href":"https:\/\/www.scottmacdonald.net\/cscmp2\/wp-json\/wp\/v2\/comments?post=1297"}],"version-history":[{"count":4,"href":"https:\/\/www.scottmacdonald.net\/cscmp2\/wp-json\/wp\/v2\/pages\/1297\/revisions"}],"predecessor-version":[{"id":1305,"href":"https:\/\/www.scottmacdonald.net\/cscmp2\/wp-json\/wp\/v2\/pages\/1297\/revisions\/1305"}],"up":[{"embeddable":true,"href":"https:\/\/www.scottmacdonald.net\/cscmp2\/wp-json\/wp\/v2\/pages\/99"}],"wp:attachment":[{"href":"https:\/\/www.scottmacdonald.net\/cscmp2\/wp-json\/wp\/v2\/media?parent=1297"}],"curies":[{"name":"wp","href":"https:\/\/api.w.org\/{rel}","templated":true}]}}